14
Let q(h) be the first derivative of -66 + h**2 + h + 2/3*h**3 + 3*h**4. Suppose 4*i + 19 = 3*v, 0 = -4*i - 0*v + 4*v - 24. Calculate q(i).
-11
Let l(z) = 8*z - 2 - 4*z + 3*z. Let y(x) = 2*x**3 + 11*x**2 + 8*x + 19. Let t be y(-5). Calculate l(t).
26
Let u = -34 - -37. Let h(n) = -n**3 - 6*n**2 + 3*n + 2. Let c(s) = -6*s**3 - 31*s**2 + 15*s + 11. Let o(v) = -2*c(v) + 11*h(v). Determine o(u).
0
Suppose -3*q + 34 - 13 = -2*d, -5*d - 21 = 3*q. Let m(l) = -4*l + 1. What is m(q)?
-11
Suppose -4*a - 29*v + 31*v + 20 = 0, 4*a + v = 32. Let c(m) be the first derivative of m**4/4 - 8*m**3/3 + 3*m**2 + 8*m + 2. Give c(a).
1
Let q be (0 - 0)/(13/13). Suppose 13*s - 39 = -q. Let m(f) = -3 + 0*f**2 + 6*f - 5*f + f**2. What is m(s)?
9
Let x = -9304 - -9308. Let d(l) = -l**3 + 5*l**2 - 3*l - 1. What is d(x)?
3
Let x(d) = -d**2 - 5*d + 24. Suppose -212*h - 398 = 1086. Give x(h).
10
Let n(f) = -4*f. Suppose -91 = 24*s + 341. Let k be ((-108)/(-48))/(s/(-48)). Give n(k).
-24
Let a(l) = 2*l**2 + 12*l + 32. Suppose 3*i = g - 14, 5*i + g = -1 - 33. Calculate a(i).
32
Suppose -580 + 142 = -6*t. Suppose 4*a = -2*u - 9 + 109, 2*u = -3*a + t. Let c be 6/a + 6/(-27). Let s(h) = h + 5. What is s(c)?
5
Let q(t) be the third derivative of t**5/60 + t**4/8 - 8*t**3/3 + t**2 + 2*t - 1246. Give q(-7).
12
Let y(t) = -t - 11. Let s be (16/6)/(20/60). Let u(z) = -z**2 + 9*z - 12. Let h be u(s). Let i be -5 + ((-12)/(-30) - h/(-10)). What is y(i)?
-6
Let c(k) be the second derivative of -127*k**5/20 + k**3/2 + k**2 + 2105*k. Calculate c(-1).
126
Let a(u) be the third derivative of 0*u - 1/4*u**5 - 11/3*u**3 + 136*u**2 - 1/120*u**6 - 1/12*u**4 + 0. Give a(-15).
8
Let k(i) be the second derivative of i**5/20 + i**4/2 - 2*i**3 - 12*i**2 + 2*i. Let c be k(-7). Let s(g) = 13 - 4*g - 1 - c + 3*g. Calculate s(-3).
4
Let a be 1/(-5 + (445/55 - 3)). Suppose -20*d = -19*d - a. Let u(g) = g**2 - 9*g - 14. Determine u(d).
8
Let r(m) = m**3 - 19*m**2 + 69*m - 339. Let n be r(16). Let z(x) = 2*x**3 + 4*x**2 + x + 2. What is z(n)?
-19
Suppose 0*d - d - r = 2, -2*r - 19 = -3*d. Suppose -5*o - 3*v = -10, -o - 2*v + d - 8 = 0. Let b(l) = -1 + 0*l**3 - l**3 + l + 7*l**2 + 5*l - 12*l. Give b(o).
19
Let y(o) = 47*o**2 + 76*o + 9. Let v(z) = 98*z**2 + 153*z + 19. Let b(m) = -3*v(m) + 7*y(m). Determine b(-2).
0
Suppose -2*f + 3*f = -1, -4*t = 5*f - 15. Suppose -2*n - 44 = -0*n - t*p, 5*n + 164 = -p. Let l be (n/(-2))/4 + -1. Let o(h) = -h + 1. Determine o(l).
-2
Let n(b) be the first derivative of -b**4/4 - 13*b**3/3 - 13*b**2/2 - 14*b + 238. Suppose -2*s - 8 = -3*s - 5*u, 3*u = 2*s + 36. What is n(s)?
-2
Let s(j) = 10*j**3 - j**2 - 2*j - 1. Let c = 21 + -20. Let u(p) = -p**3. Let n(g) = c*s(g) + 4*u(g). Suppose w - 1 = -i, 3*w = 43*i - 44*i - 1. What is n(w)?
-6
Let m(u) = -u**2 - 98*u + 97. Let h be m(1). Let s(o) = -2*o**3 - 10*o**2 - 16*o - 3. Give s(h).
5
Let b(s) be the first derivative of 2*s**3/3 + 12*s**2 + s + 847. What is b(-13)?
27
Let p(f) = -21 + 9*f**2 + 9 + 13 + 8*f**2 - 21*f**2. Give p(-3).
-35
Let a(w) = 16*w + 9. Let c(v) = 61*v - 1282. Let l be c(21). Determine a(l).
-7
Let x(a) = 4*a + 123. Let w be x(-30). Let f(n) = n**3 - 5*n**2 + 8*n - 12. Let k be f(w). Let z(t) = 2*t + 13. What is z(k)?
1
Let u = -265 - -275. Let j be (-12)/(-15)*75/u. Let o(h) = -h - 1. Determine o(j).
-7
Let y(d) = -d**2 - 11*d + 14. Let u(m) = -6*m**2 - 56*m + 72. Let c(p) = 2*u(p) - 11*y(p). Determine c(5).
10
Let p = 13 - 11. Let i(b) = 8*b**p + b**3 - 2*b**3 + 5*b - 13*b**2. Suppose 0 = -60*g - 7*g - 402. Give i(g).
6
Suppose -5*l + 96 = 16. Let a = -17 + l. Let t(n) = -6*n**3. What is t(a)?
6
Let f(b) = b**3 + 9*b**2 - 6*b + 6. Let r be 124/(-62) - (-271 - -1*1). Let k = 258 - r. Give f(k).
-34
Let a = 1329 + -1329. Let v(q) = q**3 - 24. Give v(a).
-24
Let j(r) be the third derivative of 0*r - 87*r**2 + 1/2*r**3 + 1/24*r**4 - 2. Let i(f) = -f**2 - 7*f - 5. Let b be i(-5). Give j(b).
8
Let h(z) be the first derivative of z**3/3 + 5*z**2 + 28*z - 108. Let r be h(-7). Let u(w) = w - 5. Calculate u(r).
2
Let o(n) = 3*n + 6. Suppose -18*x - u - 542 = -13*x, -2*u = -6. Let k = x - -105. Determine o(k).
-6
Suppose 40*u = 42*u + 642. Let v = -331 - u. Let l(j) = j + 1. Give l(v).
-9
Let v(j) = -24*j**3 + 2*j**2 - j. Let q(z) = 5*z**2 + 4*z - 12. Let w be q(3). Let c = 46 - w. Give v(c).
-23
Let h be 5 + (-4)/1 - (6 - 3). Let p(d) = -6*d - 12. What is p(h)?
0
Suppose -3*k - 5*w = 14, -3*w + 4 + 2 = 0. Let f(r) = 6*r**2 + 7 - 18*r**2 - 7*r + 11*r**2. Give f(k).
-1
Let z(u) = -9*u - u**3 + 18 + 9*u**2 - 5*u**2 + 5*u**2. Let b be z(8). Let m be ((-48)/5)/(-4) - 4/b. Let q(l) = 3*l**3 - 2*l**2 - 2*l + 2. Give q(m).
14
Let x(w) = -7*w - w**2 - w + 217 - 115 - 106. Calculate x(-3).
11
Let n(s) = s**3 + 10*s**2 - 13*s - 16. Let r be (-40)/(-5) + (3 - 7). Let u be 6/r*(-176)/24. Give n(u).
6
Let h(k) be the third derivative of k**4/2 + 40*k**3 - 3310*k**2. Calculate h(-21).
-12
Let c(l) = l**3 + 8*l**2 - 16*l - 151. Let d = -30479 - -30474. What is c(d)?
4
Let c(m) be the third derivative of -m**5/60 - 31*m**4/24 - 61*m**3/6 + 3052*m**2. What is c(-29)?
-3
Let u(d) = -d**2 - 7*d + 33. Let b be u(-9). Suppose 4*n + 13 = 5*a - b, 2*a = 2*n + 12. Let j(h) = -7*h + 2. What is j(n)?
16
Let y(z) = z - 1. Let l = 76 + -60. Let o = l - 12. Suppose 46 = o*n + 34. What is y(n)?
2
Let y(k) be the second derivative of k**5/20 - 13*k**4/12 + 2*k**2 + 746*k - 1. Give y(13).
4
Let d(g) = g. Suppose -22*h - 25 = -52*h + 25*h. Give d(h).
5
Let l be (-77)/(-22)*120/14. Let r(n) = 4 + 0*n - 4*n + l*n**2 + 7*n - 32*n**2 - 2*n**3. Calculate r(-2).
6
Let o(c) = 10*c + 5. Let z(i) = 27*i + 15. Let q(n) = -11*o(n) + 4*z(n). Determine q(-14).
33
Let m(l) = -5*l**2 + 20*l + 11. Let g(z) = -z**2 + 5*z + 3. Let r be (-2 - -4)*6*(-18)/(-4). Let f = r - 52. Let u(n) = f*m(n) - 9*g(n). Give u(-4).
-1
Let q(y) be the second derivative of -y**3/3 + 4*y**2 + 29*y + 5. What is q(-6)?
20
Let o(l) = -11*l - 84. Let k(v) = 9*v + 69. Let x(f) = 5*k(f) + 4*o(f). What is x(-3)?
6
Let s(o) = -23*o**2 + 20*o + 22. Let v(y) = -3*y**2 + 1. Let k(r) = s(r) - 9*v(r). What is k(-5)?
13
Let z(i) be the second derivative of -9*i**5/20 - i. Let n = -17283 - -17284. Calculate z(n).
-9
Let h be (-6)/(-60) + (-12222)/20. Let w = -614 - h. Let j(z) = -z - 2. Calculate j(w).
1
Let d(q) = -3*q**3 - 33*q**2 - 2*q - 26. Let l(b) = -53*b - 2184. Let f be l(-41). What is d(f)?
-4
Let n(s) = -2*s**2 + s + 19. Let g(q) = -22*q**2 + 100*q + 101. Let c(i) = g(i) - 5*n(i). Calculate c(8).
-2
Suppose 16*m - 233 = 15*m. Let x = m + -234. Let u(t) = 6*t - 2. Let f(b) = 31*b - 11. Let k(c) = -4*f(c) + 22*u(c). Determine k(x).
-8
Let n(c) be the third derivative of -13/6*c**3 - 1/2*c**4 - 38*c**2 - 1/60*c**5 - 2*c + 0. Calculate n(-9).
14
Let y(j) be the first derivative of -7*j**2/2 - 63*j - 6629. What is y(6)?
-105
Let n(f) be the first derivative of -3*f**2/2 + 3*f - 45. Let q(j) = 8*j - 10. Let x(p) = -11*n(p) - 4*q(p). Let v = 14 + -22. Give x(v).
-1
Let n be (-13)/((-104)/22064) + 6. Let b(a) = 2*a + 2764 - 5528 + n. What is b(-5)?
-10
Let f be (-60)/(-120)*(-1 - -3 - 16). Let n(m) = 2*m - 25. What is n(f)?
-39
Let d(l) be the second derivative of l**4/12 + 4*l**3/3 + 9*l**2 + 5*l + 182. Give d(-8).
18
Let h = 20 - 18. Let f = h - -4. Let q(y) = f*y + 6 + y**2 - 5 - 3. Give q(-5).
-7
Let z(l) = -3*l**3 + 6*l**3 + l**2 - 1 + 0*l**3. Suppose -84 = 37*j + 16*j - 31. Calculate z(j).
-3
Suppose -3*d = 5*x - 1, -5*x = -2*d - 56 + 15. Let n(v) = -509*v**3 + 3*v**2 - 16. Let w(y) = 407*y**3 - 4*y**2 + 15. Let t(o) = -4*n(o) - 5*w(o). What is t(d)?
-11
Suppose 0 = 4*s + 4*w + 2 + 2, 5*s - 25 = w. Let p be 33 - 2/(-3)*-6. Let b(u) = -u - p*u**2 - 3*u - 5 + 30*u**2. Determine b(s).
-5
Let g be ((-4)/6)/(4/(-18)). Let l(c) = 7 + 34*c**2 - 35*c**2 - g. Suppose 52*p = -25*p. Determine l(p).
4
Let l(y) = 17*y**3 - 19*y**2 + 13*y - 10. Let r(o) = 37*o**3 - 38*o**2 + 26*o - 20. Let a(z) = -11*l(z) + 5*r(z). Calculate a(9).
-26
Let y(g) = -2*g**2 + 15*g + 44. Suppose 20 = -4*u + 4*u + 2*u. What is y(u)?
-6
Let x(j) = -2*j**3 + 2*j**2 + 4*j + 1. Let c(r) = r**3 - 11*r**2 - 21*r - 18. Let o(s) = c(s) + x(s). Calculate o(-8).
55
Let y(q) = 24 + 6 + 5*q - 4*q. Let j = -664316 + 664290. Calculate 